 276*x - 279*x. Suppose -5*s + 68 = 3*t, -3*s + 43 = -2*t - 13. Calculate the remainder when s is divided by x.
2
What is the remainder when 4/6 + 721/21 + -9 is divided by 4?
2
Let g be 83/((-1 - 2)/(-3)). Let k = g - 36. Let n = 51 - 35. What is the remainder when k is divided by n?
15
Let r = 343 - 242. Let m = -28 + 83. Let s = r - m. Calculate the remainder when s is divided by 16.
14
Let x = 6 + -5. Let o(y) = -y**3 + 7*y**2 + 7*y + 10. Suppose -z - 3 = -11. What is the remainder when o(z) is divided by x?
0
Let j(w) = -w + 12. Let c be j(-9). Calculate the remainder when 6/c - 467/(-7) is divided by 474/21 - 9/(-21).
21
Let x(d) = 5*d**2 + 2*d + 2. Let v(y) = 5*y**2 - 6*y**3 - 15*y**2 - 7 - 29*y - 5*y**2 + 5*y**3. What is the remainder when v(-13) is divided by x(-2)?
14
Let c = -833 + 868. Calculate the remainder when 104 is divided by c.
34
Suppose w - 132 = -11*w. Let i = 24 - 20. Calculate the remainder when w is divided by i.
3
Let x be 6/4*28/21. Suppose x*z - 210 = -0*z. What is the remainder when z is divided by ((0 - 26) + -1)*-1?
24
Suppose -f - 200 = -6*r + 2*r, r + f - 45 = 0. Suppose h - 6 - 16 = -a, 3*a - 74 = -h. What is the remainder when r is divided by a?
23
Suppose -2152 + 664 = -12*j. What is the remainder when j is divided by 26?
20
Calculate the remainder when 98 is divided by 7 + (-1 - -4) - 7.
2
Suppose 0 = -5*c - 5*i + 370, -397 = -5*c - i + 5*i. Suppose -10 = -4*m + 6. Calculate the remainder when 37 is divided by c/m - (-11)/(-44).
18
Let w(n) = n**2 + 2*n + 18. Let d be w(-9). Suppose 0 = 5*f - j - d, -4 = -2*f + 5*j + 33. Calculate the remainder when 76 is divided by f.
12
Suppose 0 = -5*s + 3 + 17. Suppose 5*t - 2*r - 451 = 2*r, -4*t = -s*r - 364. What is the remainder when t is divided by 18?
15
Let v(d) = d**2 + 2*d - 6. Let p be v(3). Let m = -6 + p. Let c = 9 + -6. What is the remainder when m is divided by c?
0
Suppose -707 = -4*m + 2*r + 199, 213 = m + 4*r. Suppose -5*q = 5*b - m, b + 4*q - 8 - 52 = 0. Calculate the remainder when 157 is divided by b.
37
Let a(i) = -i**3 - i**2 + 3*i + 278. What is the remainder when a(0) is divided by 20?
18
Let z be 1*((-48)/(-3))/4. Let c be (3 - z/(-2)) + -2. Suppose 5*f + 3 = -c*b - 0, 4 = -2*b - 4*f. Calculate the remainder when 10 is divided by b.
2
Let i be (3/6)/(1/(-6)). Let u(m) = -2*m - 3. Let p be u(i). Let h = p + 6. Calculate the remainder when h is divided by 5.
4
Suppose q - 178 = -171. Calculate the remainder when 33 is divided by q.
5
Suppose -2*i + 2 = -4*m, 0*i + 5*i - 5 = m. Suppose m = -0*b + b - 20. What is the remainder when 54 is divided by b?
14
Let t(a) = 2*a**2 - 63*a - 24. What is the remainder when 214 is divided by t(32)?
6
Let q(y) = -2*y. Let u = 15 - 22. Let c be q(u). Let k = c + -5. Calculate the remainder when 35 is divided by k.
8
Let r(l) = 2 + 7 + 10*l - 2 - l**2. Let d be r(11). Let z(w) = w + 13. What is the remainder when 26 is divided by z(d)?
8
Let g = 331 - 286. Calculate the remainder when 132 is divided by g.
42
Suppose -l + 59 = -5*w + 300, 3*l = -4*w + 208. What is the remainder when w is divided by (-39)/(-4) + (-1)/(-4)?
9
Suppose -10 = 4*t + 4*g - 446, 0 = 3*g + 6. What is the remainder when t is divided by 16?
15
Suppose -3*j - 19 - 10 = -2*b, 0 = -4*b + j + 53. Calculate the remainder when ((-30)/(-75))/((3/3)/120) is divided by b.
9
Let j be (0 - 0)/(-6 - -4). Suppose k = -c + 10 - j, -k = -c. Suppose -c*x = 3*v - 2*x - 90, -4*v + 118 = 3*x. What is the remainder when v is divided by 10?
8
Let u(a) = a**3 + 3*a**2 - 1. Let l be u(-2). Suppose l*h = 47 + 40. Suppose 2 - h = -3*b. Calculate the remainder when 15 is divided by b.
6
Let n be (0 + -1)/(8/(-48)). Let u(d) = d + 21. Calculate the remainder when 51 is divided by u(n).
24
Suppose 3*b = o + 38 - 2, -2*o + 48 = 4*b. Calculate the remainder when 43 is divided by b.
7
Suppose w = -12 + 37. Calculate the remainder when 48 is divided by w.
23
Let b = 344 + -197. What is the remainder when b is divided by 19?
14
Let m(p) = -27*p - 51. What is the remainder when 177 is divided by m(-3)?
27
Suppose 77*z - 3100 = 67*z. What is the remainder when z is divided by 91?
37
Suppose 8664 = 33*n - 14*n. Calculate the remainder when n is divided by 27.
24
Let y(k) = k**2 + 7*k + 8. Let v be y(-6). Suppose 3*a - v*a = 12. Let l(m) = 2*m**2 - 31*m + 167. Calculate the remainder when l(10) is divided by a.
9
Suppose -m + 3*o + 29 = 0, -2*m = -m + 2*o - 4. Calculate the remainder when 541 is divided by m.
9
Let a = 2 + -10. Let c(k) = -k**3 - 7*k**2 + 5*k - 11. Calculate the remainder when (-17)/((-20)/(-30)*(-3)/4) is divided by c(a).
8
Let b = 188 - 181. Calculate the remainder when 174 is divided by b.
6
Let w(r) = 2*r**3 - 5*r**2 + 4*r - 3. Suppose -g - 4*h + 15 = 0, -h = 11*g - 10*g - 27. What is the remainder when w(4) is divided by g?
30
Let a(v) be the first derivative of 5*v**3/3 + v**2/2 + 11. Calculate the remainder when 22 is divided by a(1).
4
Let j = 33 - 20. Calculate the remainder when 76 - 76 - (-49 - 0)*1 is divided by j.
10
Let d be (-1)/(-3*(-3)/(-18)). Let n = 12 - 9. Calculate the remainder when n/2 - (-47)/d is divided by 7.
4
Let f(p) = -21*p - 1. Suppose 3*q + 39 = 72. What is the remainder when f(-2) is divided by q?
8
Let y = 1022 + -876. What is the remainder when y is divided by 32?
18
Suppose -75*k - 17078 + 51728 = 0. Calculate the remainder when k is divided by 36.
30
Suppose -2*y + 2*j = -104 - 964, y - 3*j = 530. Calculate the remainder when y is divided by 49.
46
Let v(g) = g**2 - 5*g - 3. Calculate the remainder when 3 - (7 + ((-888)/96 - (-3)/(-4))) is divided by v(6).
0
What is the remainder when 4 + (0 - -405 - 6) + 6 is divided by 60?
49
Suppose -2*l = 88 - 190. Calculate the remainder when 208 is divided by l.
4
Let v = -4 + 1. Let w be (v/2)/(2/(-4)). Suppose g - 3*j = 37, 5*g = -0*j - w*j + 149. Calculate the remainder when g is divided by 11.
9
Let q(x) be the second derivative of -19*x**3/6 + x**2 - 29*x. Calculate the remainder when q(-8) is divided by 39.
37
Suppose 25 = 5*j, 0 = -0*d - 3*d - 4*j + 59. Let g = 9 - 25. Let p = g + 40. Calculate the remainder when p is divided by d.
11
Let a be 6/15*(-1*14 + -1). Suppose 5*h - 91 = -0*i - i, 0 = 4*h - 12. Calculate the remainder when i is divided by ((-88)/10 + -2)/(a/15).
22
Suppose -q = -2*r + 79 + 36, 2*r - 127 = -3*q. Let g = -5 + 11. Suppose g*d = r - 17. What is the remainder when 25 is divided by d?
4
Suppose 0 = -13*b + 31 + 47. Suppose z - 2 - 6 = 0. Suppose 0 = -c - 4*f + 11, -2*c - z = -b*c + 2*f. Calculate the remainder when 10 is divided by c.
1
Suppose 14*c = 6*c + 24. Suppose z = -4*a + 70 + 245, c*z = a - 95. Calculate the remainder when a is divided by 22.
14
Suppose 2*z - 2 = l - 14, 2*z - 5*l + 28 = 0. Let y(i) = -2*i + 58. Calculate the remainder when y(24) is divided by (z + 2)*-3*1.
4
Suppose 20*x = 43*x - 4002. Calculate the remainder when x is divided by 35.
34
Suppose -3*m = -6, -2*k = 4*m + 42 - 326. Calculate the remainder when k is divided by 33.
6
Let i = 40 + 104. Suppose -168 - i = -13*h. Calculate the remainder when h is divided by 14.
10
Let a = 7 + -1. Suppose 0 = 2*g - 231 + 95. Let y = 71 - g. What is the remainder when a is divided by y?
0
Let q(b) = b**3 + 12*b**2 - 29*b - 2. Let g be q(-14). What is the remainder when (-90)/(-1) - (13 - g) is divided by 46?
43
Suppose 0 = -12*j - 0 - 0. Suppose j = 4*a + 16, 2*w - 104 = -2*w + 4*a. What is the remainder when 58 is divided by w?
14
Let y = 559 + -531. What is the remainder when y is divided by 25?
3
Suppose -2*z = 6 - 2. Let o be 10 - 3 - (1 - z). Suppose 5*t - 17 = o*n, 0 = 4*t - n - 13 - 5. What is the remainder when 9 is divided by t?
4
Let x = -81 + 141. Let r = -23 + 27. Suppose 2*j = r*j - 32. What is the remainder when x is divided by j?
12
Let i = -28 + 8. Let m = i + 22. Let z = 9 + m. Calculate the remainder when z is divided by 5.
1
Suppose 4*d - 98 = -0*d + 2*i, 2*d - 2*i - 50 = 0. Suppose -5*g - 2*x - 63 = -24, g = 5*x - d. Calculate the remainder when -2*1 - (4 + g) is divided by 3.
0
Suppose -100 = 3*z - 8*z. Suppose -j - 5*g = z, -2*g = j - g. Suppose 0*q + q - 5*w = 29, 4*q - 11 = -w. What is the remainder when j is divided by q?
1
Let p be (0 - 1)*6*2/(-4). Suppose g + 4*s